. Let z(u) = 2*u**2 + 97*u + 1273. Let k be z(-24). Let t = a - k. What is the units digit of t?
4
Suppose 0 = -90*k - 1622439 + 5521779. What is the thousands digit of k?
3
Suppose -2*g + 234 = -1542. Suppose 5*d = 1262 + g. What is the units digit of d?
0
Let s(x) = 17*x - 8. Let v(y) = -9*y - 51. Let w be v(-10). Let f = 51 - w. What is the hundreds digit of s(f)?
1
Let u(j) = 154*j**2 - 6*j - 21. Let p be u(-5). Suppose 5*g = p + 1671. What is the units digit of 9/(-27) + g/6?
4
Suppose 0 = -5*y - m - 1063, 2*m - 641 = 3*y + m. Let r = y - -506. What is the units digit of r?
3
Let c(s) = -77*s**3 + 3*s**2 + 5*s + 9. Let z be c(-2). Suppose -47 = -o + z. What is the units digit of o?
4
What is the hundreds digit of -1 - 1 - (-692)/(-8)*-32 - -1?
7
What is the tens digit of ((-12)/(132/8789) - -8)*-86?
2
Let z(y) = 2*y - 18. Let q be z(9). Let d be 16/40 + 36/10 + q. Suppose 2*w - u - 4*u - 143 = 0, -4*w + d*u = -268. What is the units digit of w?
4
Suppose 24 = 3*f + f + 2*y, -4*y = -16. Suppose v + 6*m - f*m = 156, 3*v = m + 489. What is the tens digit of v?
6
Let f = -114371 + 169096. What is the thousands digit of f?
4
Suppose -184*j = -183*j - 1994. Suppose -12*t - j = -7874. Suppose -5*a - 10 = -3*a, -5*w - 4*a + t = 0. What is the tens digit of w?
0
Suppose -216 = 11*j - 17*j. Let x = j - -27. What is the tens digit of x?
6
Let w be 3/1*(-1 - -4 - 4). Let c be w/1 - 27*-2. Let f = 103 - c. What is the units digit of f?
2
Let c(p) = -p**3 + 27*p**2 - 14*p + 67. Let v be -3*(1/(-6))/(1/52). What is the units digit of c(v)?
9
Suppose 88*v - 74141 - 1018819 = 0. What is the tens digit of v?
2
Suppose 3*g - 2*i - 52164 = 0, 34*g - 3*i - 86940 = 29*g. What is the tens digit of g?
8
Let f(p) = p**3 - 2*p + 7. Let r be f(0). Let s(a) = 8*a - 1 - 2 + 6*a - r*a. What is the tens digit of s(8)?
5
Suppose 0 = -206*h + 9005249 + 2503971. What is the hundreds digit of h?
8
Let o(j) = 207*j + 32. Let k be o(-3). Let p = 879 + k. What is the units digit of p?
0
Let y = -62349 - -104318. What is the units digit of y?
9
Suppose v - 12 = 11. Suppose -8*k + v - 23 = 0. Suppose k = 2*i - 281 - 249. What is the hundreds digit of i?
2
Let r(h) = -4*h**2 - 16*h - 19. Let a be r(-2). What is the hundreds digit of ((-1)/a)/(6/20988)?
1
Let p(q) = -q**2 + 21*q - 18. Let g be p(20). Suppose -2*z + g*z = 6*z. Suppose 3*n - 336 = s - 5*s, 2*n + s - 229 = z. What is the hundreds digit of n?
1
Let m = 20790 + -9485. What is the hundreds digit of m?
3
Let p(o) = -32*o**3 + 3*o**2 + 3*o + 6. What is the tens digit of p(-6)?
0
What is the thousands digit of ((-1112)/(-1390))/(-1 + 7227/7225)?
2
Suppose -b = 3*m - 15317, -88*m = b - 86*m - 15322. What is the thousands digit of b?
5
Let u(q) = -4*q**3 - 16*q**2 + 14297. What is the thousands digit of u(0)?
4
What is the tens digit of -1323*((-2816)/1155 + (-10)/75)?
0
What is the hundreds digit of (288/80)/((-3)/(-10)) + 57391?
4
What is the units digit of (7/((-196)/17913))/((-15)/180)?
7
Suppose 0 = -11*r + 14*r - 1317. Suppose r = 4*x - 405. Suppose -10*a + x = -809. What is the tens digit of a?
0
Suppose -268686 = -7*p - 4*i, 9*i = -4*p + 4*i + 153524. What is the hundreds digit of p?
3
Suppose -44 = -5*j - 5*d + 21, 0 = 5*j + 4*d - 60. Let h be 110/j + (-2)/(-8). Suppose h*p - 900 = 4*p. What is the units digit of p?
0
Suppose b + 4*p - 93 = 0, -4*p - 8 - 409 = -5*b. Let k = 85 - b. Suppose -2*w + 6 + 340 = k. What is the units digit of w?
3
Let y(q) = -2*q**3 + 23*q**2 + 20. Let t be y(10). Let u = 603 - t. What is the tens digit of u?
8
Let a = -8688 - -17436. What is the hundreds digit of a?
7
What is the tens digit of (-1)/(-30) + 380428335/9450?
5
Suppose -3*g - 3*r = -g - 74172, 185437 = 5*g + 4*r. What is the ten thousands digit of g?
3
Let x(a) = a + 18. Let o be x(-10). Let n(t) = t + o*t - 5 + 9*t. What is the units digit of n(1)?
3
Let g = 19 - 17. Suppose -5*b + 30 = 5*r, 4*b = -g*r + 6 + 10. Suppose -2*l + 88 = -b*w, w + 12 = 5*w. What is the units digit of l?
7
Let l be ((-14656)/(-4))/(-2) - (-1 + -2). Let h = l - -2942. What is the tens digit of h?
1
Suppose -4*h - 5*n = -9*n - 139400, 69735 = 2*h + 5*n. What is the thousands digit of h?
4
Suppose 0 = j - 2*j + 15. Suppose -21*q + 1140 = -j*q. What is the tens digit of q?
9
Let d(r) = r + 30. Let q be d(0). Let h = -45 + q. Let c(m) = m**3 + 15*m**2 - 7*m - 13. What is the units digit of c(h)?
2
Let i(a) = -a**3 + 2*a**2 + 2*a - 2. Let t be i(1). Let m(s) = 956*s. What is the tens digit of m(t)?
5
Suppose 12*j = 10*j + 1812. Suppose 0*v - j = -3*v - 3*i, -2*v + 604 = -3*i. Suppose h = -3*p - h + v, 502 = 5*p + 2*h. What is the units digit of p?
0
Suppose -v = 2*b - 42556, -2*b + 42556 = 200*v - 201*v. What is the tens digit of b?
7
Let r = 19270 + -12883. What is the units digit of r?
7
Let j = 7372 + 17831. What is the tens digit of j?
0
Let t(g) = 20*g - 26. Let q be t(14). Suppose 6*b - 7*b = 110. Let v = b + q. What is the units digit of v?
4
Let n be -5*-3*5/75. What is the hundreds digit of (n - 2)/(2/(-1722)*3)?
2
What is the hundreds digit of (456/(-14))/(-3)*(-244664)/(-272)?
7
Suppose 3*z - 4*j + 14 = 0, 5*z + 12*j - 11*j = 15. Suppose t - q - 267 = -2*q, -1347 = -5*t - z*q. What is the units digit of t?
1
Suppose 62*v = 65*v - 744. Suppose -251*g + 1149 = -v*g. What is the tens digit of g?
8
Let h(j) = -j**3 + 24*j**2 - 50*j + 50. Let d be h(20). Suppose -f + 2*v = -650, 5*f = 4*f - 2*v + d. What is the units digit of f?
0
What is the thousands digit of 10538/(-9 - (14 - 25))?
5
Suppose 5238 = 3*n + 2*b - 15997, -4*b = 4. What is the units digit of n?
9
Suppose 3377 = -32*y + 10321. What is the hundreds digit of 10 + y/(-21) - 6728/(-6)?
1
Let s be (-1)/(1/(-2)) + (-15651)/(-9). Suppose -q + s = 5*t, -q = -5*t + 1007 + 732. What is the units digit of t?
8
Let m = -20453 - -62337. What is the ten thousands digit of m?
4
Let a = 33 - 29. Suppose -a = 2*u + 4*n, 0 = u + 3*n + 3. Suppose u*b - 3*b + i = -203, -201 = -3*b + 3*i. What is the units digit of b?
8
Let l be -5 + 23 + 5 + -1. Let n = -16 + l. What is the tens digit of (-7)/((-21)/n) + 32?
3
Let j(h) = 1032*h + 105. What is the thousands digit of j(6)?
6
Let g(h) = h + 3. Let t be g(3). Let x be 0 + 2 - -2 - (t - 3). What is the units digit of ((-69)/46)/(x/(-6))?
9
Let n = -78 + 81. Suppose -n*l = 2*u - 239, -5*l + 215 = 3*u - 146. What is the hundreds digit of u?
1
Suppose -47*o + 45*o - 2*h + 163880 = 0, 0 = -5*o - 4*h + 409709. What is the units digit of o?
9
Suppose 0 = 3*i + 2*p - 3125, -i = -3*i - p + 2084. Suppose -7*u = -9*u + 3*c + 1035, 2*u - i = -5*c. What is the units digit of u?
9
Suppose -4*q = 4*a - 4444 - 7120, q - 2887 = -5*a. Suppose 3*c - 5*p - q = 0, 4*c + 15*p = 14*p + 3879. What is the tens digit of c?
6
Suppose -5*g + 46411 = -3934. What is the tens digit of g?
6
Suppose 38*j - 21*j + 41*j - 731960 = 0. What is the units digit of j?
0
Suppose 0 = -9*h + 41669 - 12905. Suppose 14*o - h = -3*o. What is the tens digit of o?
8
Suppose 4*w - 5940 = -5*w. Let l be (w/(-4) + 1)/(-1). Let v = l - -62. What is the hundreds digit of v?
2
What is the units digit of (359 - -2)*(39 - 31)?
8
Let z(g) = 5*g**3 - 12*g**2 - 9*g - 18. Let o(k) = -4*k**3 + 12*k**2 + 9*k + 18. Let h(s) = -3*o(s) - 2*z(s). What is the units digit of h(9)?
7
Let k be ((-30)/8)/(21/(-28)). Suppose -r + k + 268 = 0. Suppose r = 69*h - 62*h. What is the units digit of h?
9
Let i = -14405 - -20989. Suppose -10*f - 1234 = -i. What is the hundreds digit of f?
5
Suppose 9*k + 5050 = -188. Let m = -166 - k. What is the units digit of m?
6
Let y(w) = w**3 - 30*w**2 - 3*w + 38. Let q be y(30). What is the tens digit of 3 - (-6 + q + 1)?
6
Let b be 1/((-15)/(-18))*5/2. Suppose -4*s - t + 2674 = 0, 3*s = -2*s + b*t + 3334. What is the hundreds digit of s?
6
Suppose -12*x = -11*x + 10. What is the tens digit of 85/x*-66 - 1?
6
Let u = -2938 - -4493. Suppose 0*w + u = 5*w. Suppose 3*m = -2*b + w, -m + 0*b = -5*b - 115. What is the hundreds digit of m?
1
Suppose -160 + 16 = -4*x. Let f be 571*2/4 + (-18)/x. Suppose 4*g = -2*z + 300, -2*z - 3*g + 4*g + f = 0. What is the hundreds digit of z?
1
Let t be (15/(-2))/((264/(-64))/11). Suppose 13*d = 3*d + t. Suppose -60 = -2*x + y + 218, -d*y = 4. What is the tens 